?
-17a0
In base 6, what is -15 - -25113?
25054
In base 4, what is 233330 - 1021?
232303
In base 5, what is -3 + 22013003?
22013000
In base 13, what is -304 - aa2?
-10a6
In base 6, what is -2203 - -54?
-2105
In base 15, what is 2 + c0b3d?
c0b40
In base 3, what is 22 + 1100000021?
1100000120
In base 11, what is 61 + 118a8?
11959
In base 12, what is b28663 - -3?
b28666
In base 11, what is 35 + 115116?
115150
In base 11, what is -41 + 122?
91
In base 3, what is 10012 - -101210?
111222
In base 15, what is 6 + -95355?
-9534e
In base 7, what is -116322 + -10?
-116332
In base 6, what is 5 + -13353?
-13344
In base 6, what is -5431255 - 0?
-5431255
In base 14, what is -48 + -3066?
-30b0
In base 7, what is -5416 - -36?
-5350
In base 6, what is 131420101 + 4?
131420105
In base 6, what is 201140 - 2?
201134
In base 12, what is -806 + 167?
-65b
In base 6, what is 5521305 + 2?
5521311
In base 8, what is 217 + -3045?
-2626
In base 7, what is -16 - 304431?
-304450
In base 2, what is 111 + 10001101000010?
10001101001001
In base 6, what is -2 + -14202?
-14204
In base 6, what is 2 - 430001?
-425555
In base 3, what is -100200 + 10022?
-20101
In base 4, what is 1123113 + 322?
1130101
In base 12, what is -158 + 35b1?
3455
In base 9, what is -13081206 - -1?
-13081205
In base 11, what is 6496 + -5?
6491
In base 15, what is b7 - -474?
53b
In base 4, what is 2000 + 11001101?
11003101
In base 12, what is -5b + -24420?
-2447b
In base 2, what is 1110010101101001 + -11?
1110010101100110
In base 8, what is -361 + 247?
-112
In base 8, what is 47232 - 7?
47223
In base 9, what is 72 + 1673?
1755
In base 5, what is -4 - -2310434?
2310430
In base 4, what is -22312112 - -111?
-22312001
In base 13, what is -367 - -92?
-2a5
In base 8, what is 1261 - 450?
611
In base 11, what is -209 + -46?
-254
In base 15, what is -1c - 1516?
-1533
In base 3, what is -12 - -2201201012?
2201201000
In base 12, what is 12684b - -5?
126854
In base 5, what is -12 + 244414?
244402
In base 12, what is 1326 - a?
1318
In base 2, what is 100100111 + -101101110?
-1000111
In base 3, what is -10201102 - 20?
-10201122
In base 15, what is 3274a + -3?
32747
In base 6, what is 1141051 + -2?
1141045
In base 13, what is 5 + 13386?
1338b
In base 11, what is -369 - -4209?
3950
In base 2, what is -1011011010 - 1110010?
-1101001100
In base 10, what is 3 + -1295694?
-1295691
In base 8, what is 4 + 552026?
552032
In base 4, what is -131 + 101213?
101022
In base 6, what is 10553 + -230?
10323
In base 7, what is -46540 - -1?
-46536
In base 11, what is -7a + 272?
1a3
In base 6, what is 34 - 1254?
-1220
In base 12, what is -3 + 22bb?
22b8
In base 11, what is 220a21 + -1?
220a20
In base 12, what is -b12 + -a9?
-bbb
In base 2, what is 0 - -1011110100011000?
1011110100011000
In base 16, what is 4ea + -a?
4e0
In base 2, what is -10111010101110 - 101?
-10111010110011
In base 10, what is -466 - 4370?
-4836
In base 15, what is 8 + b14?
b1c
In base 3, what is -12 - 200101100?
-200101112
In base 13, what is -b7a2 - 2b?
-b800
In base 13, what is 43a4 - -20?
43c4
In base 14, what is -1 + 17a5?
17a4
In base 4, what is -100 + 1213?
1113
In base 6, what is -2413321 - 0?
-2413321
In base 4, what is -12200330122 - 1?
-12200330123
In base 10, what is -65834 - 27?
-65861
In base 12, what is 22 + -249?
-227
In base 15, what is a6e7 - -90?
a787
In base 8, what is 451 + 611?
1262
In base 15, what is 5383 - 0?
5383
In base 10, what is 8 - 6785?
-6777
In base 6, what is 3 + 451150?
451153
In base 3, what is -1011101002120 + 0?
-1011101002120
In base 4, what is 1221 + 1001?
2222
In base 5, what is 213111 - 1032?
212024
In base 14, what is -8 - -5d163?
5d159
In base 12, what is 516a0 + 0?
516a0
In base 4, what is -110 + -3121001?
-3121111
In base 6, what is -12 - 123544?
-124000
In base 8, what is 4562 + 47?
4631
In base 4, what is 11 - 1102220?
-1102203
In base 5, what is -42120 - 0?
-42120
In base 3, what is -10 + 21101010102?
21101010022
In base 9, what is -2175 + -1861?
-4146
In base 9, what is -1058160 + 7?
-1058152
In base 11, what is 19 + a476?
a494
In base 13, what is 48033 + -1?
48032
In base 4, what is -23100 + -10301?
-100001
In base 15, what is 81a + -61d?
1ec
In base 2, what is -1000000100001001111101 - -11?
-1000000100001001111010
In base 14, what is -3c574 - -3?
-3c571
In base 9, what is 602 - -128?
731
In base 7, what is -2 + 634?
632
In base 7, what is -6 - -260325?
260316
In base 12, what is -5 - -1337b?
13376
In base 4, what is 102 + 223222?
223330
In base 3, what is -11212001122 + 1?
-11212001121
In base 6, what is -1 + 15?
14
In base 14, what is -5 + -a66?
-a6b
In base 15, what is cb3 + -1a?
c98
In base 10, what is -15 - -43222?
43207
In base 12, what is 68443 + -2?
68441
In base 12, what is -128 - 553a?
-5666
In base 8, what is 641 - 35?
604
In base 11, what is -2 + 81683?
81681
In base 10, what is -2498 - 165?
-2663
In base 14, what is -1 - c859?
-c85a
In base 7, what is -3335161 + -4?
-3335165
In base 16, what is 0 - -6b44?
6b44
In base 14, what is -2 - 1b95a?
-1b95c
In base 8, what is 75563 + 51?
75634
In base 14, what is 3a3c - -1a?
3a58
In base 15, what is -289d51 + 4?
-289d4c
In base 14, what is -3257b - 9?
-32586
In base 3, what is 21120021122011 - -2?
21120021122020
In base 13, what is 36 + 590c?
5945
In base 3, what is 112 - -2012202?
2020021
In base 2, what is 1010101111000 + 0?
1010101111000
In base 2, what is 11010000101001 - -1000?
11010000110001
In base 15, what is 0 + -84269?
-84269
In base 4, what is 1212102111 + 11?
1212102122
In base 6, what is -40 + 42033?
41553
In base 2, what is -1010000010 - -1011?
-1001110111
In base 7, what is -241450 + 4?
-241443
In base 13, what is 20433 - -3?
20436
In base 9, what is 244681 + 10?
244701
In base 11, what is -18556 + -7?
-18562
In base 16, what is -1890 - -c4?
-17cc
In base 9, what is 2 + -41738?
-41736
In base 8, what is 1140413 + -1?
1140412
In base 5, what is 224313 - -23?
224341
In base 9, what is -4 + 3180?
3175
In base 15, what is 8 - 14a7?
-149e
In base 4, what is -2321301223 - 10?
-2321301233
In base 15, what is -3 - -968?
965
In base 4, what is 21 - -1030011231?
1030011312
In base 6, what is 205 - -12141?
12350
In base 5, what is -2102112 - 0?
-2102112
In base 13, what is -16 - 22c19?
-22c32
In base 10, what is -158954 - 2?
-158956
In base 15, what is 9 + -4a01?
-49e7
In base 15, what is -537 - -224?
-313
In base 4, what is 103 - -2121112?
2121221
In base 4, what is 11112 + 231011?
302123
In base 3, what is -10100011 - -121?
-10022120
In base 16, what is 6d12a + -f?
6d11b
In base 3, what is -22 + -1210000012?
-1210000111
In base 12, what is -1 + 498399?
498398
In base 5, what is -13430 + -40122?
-104102
In base 9, what is -4 - -38801?
38786
In base 3, what is -20110001100 + -12?
-20110001112
In base 6, what is -125 - 421?
-550
In base 7, what is -5 - 110662?
-111000
In base 9, what is -52 + 142233?
142171
In base 15, what is -1224c - -a?
-12242
In base 3, what is -101020 - -22121?
-1122
In base 12, what is 13 + -27676?
-27663
In base 15, what is 6051 - 1?
6050
In base 10, what is 1 + 7?
8
In base 8, what is -106 + -340?
-446
In base 15, what is 12 + -a67?
-a55
In base 13, what is 2 - 1c64b?
-1c649
In base 11, what is -3766 - 4?
-376a
In base 4, what is 213 + 130010?
130223
In base 11, what is -375 + 1631?
1267
In base 13, what is -286c0 - 4?
-286c4
In base 16, what is -18d6 - 0?
-18d6
In base 9, what is 4644 - -8?
4653
In base 6, what is 340113 - -230?
340343
In base 10, what is -5454 + -24?
-5478
In base 11, what is 17 - 5a?
-43
In base 12, what is 2343480 + 0?
2343480
In base 7, what is 34162 - -3?
34165
In base 15, what is 2e + 27?
56
In base 10, what is 2 + 16438?
16440
In base 6, what is 4 + 113243?
113251
In base 6, what is -51013 + -21?
-51034
In base 14, what is -76b + 6?
-765
In base 16, what is 6484a - 3?
64847
In base 16, what is 242 + -2e3?
-a1
In base 2, what is 1100111010000 + -1?
1100111001111
In base 4, what is -3002 + -11301?
-20303
In base 15, what is -3ad38 + 5?
-3ad33
In base 13, what is -33 - 1a20?
-1a53
In base 3, what is -1112021221 - 0?
-1112021221
In base 13, what is 140 - -1c2?
332
In base 12, what is 8b1 + b?
900
In base 2, what is 110101100010 + 1?
110101100011
In base 12, what is 2 + 50202?
50204
In base 13, what is -13ca2 + -2?
-